{"id":101,"date":"2018-04-05T12:58:43","date_gmt":"2018-04-05T11:58:43","guid":{"rendered":"http:\/\/www.agenturapomoci.cz\/?page_id=101"},"modified":"2026-03-04T14:33:37","modified_gmt":"2026-03-04T12:33:37","slug":"zdroje-financnich-prostredku","status":"publish","type":"page","link":"https:\/\/www.agenturapomoci.cz\/?page_id=101","title":{"rendered":"Zdroje finan\u010dn\u00edch prost\u0159edk\u016f"},"content":{"rendered":"<p style=\"text-align: left;\"><strong>K\u00da KARLOVARSK\u00c9HO KRAJE<\/strong><\/p>\n<p><strong>MPSV v \u010cR<\/strong><\/p>\n<p><strong>M\u011aSTA a OBCE KARLOVARSK\u00c9HO KRAJE<\/strong><\/p>\n<p>SPONZO\u0158I (don\u00e1to\u0159i)<\/p>\n<p>OSTATN\u00cd &#8211; soukrom\u00e9 osoby a firmy<\/p>\n<h2><b>ROK 2024<\/b><\/h2>\n<p>Projekt Osobn\u00ed asistence je v roce 2024 realizov\u00e1n, za podpory statut\u00e1rn\u00edho m\u011bsta Karlovy Vary.<\/p>\n<p><b>\u00a0<\/b><\/p>\n<p><a href=\"https:\/\/www.karlovyvary.cz\/cs\"><img loading=\"lazy\" decoding=\"async\" class=\"aligncenter wp-image-435 size-full\" src=\"https:\/\/www.agenturapomoci.cz\/wp-content\/uploads\/2024\/02\/KV_LOGO_RGB.png\" alt=\"\" width=\"4892\" height=\"1253\" srcset=\"https:\/\/www.agenturapomoci.cz\/wp-content\/uploads\/2024\/02\/KV_LOGO_RGB.png 4892w, https:\/\/www.agenturapomoci.cz\/wp-content\/uploads\/2024\/02\/KV_LOGO_RGB-300x77.png 300w, https:\/\/www.agenturapomoci.cz\/wp-content\/uploads\/2024\/02\/KV_LOGO_RGB-1024x262.png 1024w, https:\/\/www.agenturapomoci.cz\/wp-content\/uploads\/2024\/02\/KV_LOGO_RGB-768x197.png 768w, https:\/\/www.agenturapomoci.cz\/wp-content\/uploads\/2024\/02\/KV_LOGO_RGB-1536x393.png 1536w, https:\/\/www.agenturapomoci.cz\/wp-content\/uploads\/2024\/02\/KV_LOGO_RGB-2048x525.png 2048w\" sizes=\"auto, (max-width: 4892px) 100vw, 4892px\" \/><\/a><\/p>\n<p>&nbsp;<\/p>\n<p><a href=\"http:\/\/www.kr-karlovarsky.cz\">http:\/\/www.kr-karlovarsky.cz<\/a><\/p>\n<p><a href=\"http:\/\/www.zivykraj.cz\">http:\/\/www.zivykraj.cz<\/a><\/p>\n<p>\u010cinnost osobn\u00ed asistence je realizov\u00e1naza podpory: MPSV, Karlovarsk\u00e9ho kraje, obc\u00ed a m\u011bst.<\/p>\n<p><img loading=\"lazy\" decoding=\"async\" class=\"alignleft size-medium wp-image-478\" src=\"https:\/\/www.agenturapomoci.cz\/wp-content\/uploads\/2024\/08\/Nova-role-2-212x300.jpg\" alt=\"\" width=\"212\" height=\"300\" srcset=\"https:\/\/www.agenturapomoci.cz\/wp-content\/uploads\/2024\/08\/Nova-role-2-212x300.jpg 212w, https:\/\/www.agenturapomoci.cz\/wp-content\/uploads\/2024\/08\/Nova-role-2-724x1024.jpg 724w, https:\/\/www.agenturapomoci.cz\/wp-content\/uploads\/2024\/08\/Nova-role-2-768x1086.jpg 768w, https:\/\/www.agenturapomoci.cz\/wp-content\/uploads\/2024\/08\/Nova-role-2-1086x1536.jpg 1086w, https:\/\/www.agenturapomoci.cz\/wp-content\/uploads\/2024\/08\/Nova-role-2-1448x2048.jpg 1448w, https:\/\/www.agenturapomoci.cz\/wp-content\/uploads\/2024\/08\/Nova-role-2-676x956.jpg 676w, https:\/\/www.agenturapomoci.cz\/wp-content\/uploads\/2024\/08\/Nova-role-2.jpg 1654w\" sizes=\"auto, (max-width: 212px) 100vw, 212px\" \/> <img loading=\"lazy\" decoding=\"async\" class=\"alignleft size-medium wp-image-479\" src=\"https:\/\/www.agenturapomoci.cz\/wp-content\/uploads\/2024\/08\/Nova-role-3-212x300.jpg\" alt=\"\" width=\"212\" height=\"300\" srcset=\"https:\/\/www.agenturapomoci.cz\/wp-content\/uploads\/2024\/08\/Nova-role-3-212x300.jpg 212w, https:\/\/www.agenturapomoci.cz\/wp-content\/uploads\/2024\/08\/Nova-role-3-724x1024.jpg 724w, https:\/\/www.agenturapomoci.cz\/wp-content\/uploads\/2024\/08\/Nova-role-3-768x1086.jpg 768w, https:\/\/www.agenturapomoci.cz\/wp-content\/uploads\/2024\/08\/Nova-role-3-1086x1536.jpg 1086w, https:\/\/www.agenturapomoci.cz\/wp-content\/uploads\/2024\/08\/Nova-role-3-1448x2048.jpg 1448w, https:\/\/www.agenturapomoci.cz\/wp-content\/uploads\/2024\/08\/Nova-role-3-676x956.jpg 676w, https:\/\/www.agenturapomoci.cz\/wp-content\/uploads\/2024\/08\/Nova-role-3.jpg 1654w\" sizes=\"auto, (max-width: 212px) 100vw, 212px\" \/> <img loading=\"lazy\" decoding=\"async\" class=\"alignleft size-medium wp-image-480\" src=\"https:\/\/www.agenturapomoci.cz\/wp-content\/uploads\/2024\/08\/Nova-role-4-212x300.jpg\" alt=\"\" width=\"212\" height=\"300\" srcset=\"https:\/\/www.agenturapomoci.cz\/wp-content\/uploads\/2024\/08\/Nova-role-4-212x300.jpg 212w, https:\/\/www.agenturapomoci.cz\/wp-content\/uploads\/2024\/08\/Nova-role-4-724x1024.jpg 724w, https:\/\/www.agenturapomoci.cz\/wp-content\/uploads\/2024\/08\/Nova-role-4-768x1086.jpg 768w, https:\/\/www.agenturapomoci.cz\/wp-content\/uploads\/2024\/08\/Nova-role-4-1086x1536.jpg 1086w, https:\/\/www.agenturapomoci.cz\/wp-content\/uploads\/2024\/08\/Nova-role-4-1448x2048.jpg 1448w, https:\/\/www.agenturapomoci.cz\/wp-content\/uploads\/2024\/08\/Nova-role-4-676x956.jpg 676w, https:\/\/www.agenturapomoci.cz\/wp-content\/uploads\/2024\/08\/Nova-role-4.jpg 1654w\" sizes=\"auto, (max-width: 212px) 100vw, 212px\" \/> <img loading=\"lazy\" decoding=\"async\" class=\"alignleft size-medium wp-image-481\" src=\"https:\/\/www.agenturapomoci.cz\/wp-content\/uploads\/2024\/08\/Nova-role-5-212x300.jpg\" alt=\"\" width=\"212\" height=\"300\" srcset=\"https:\/\/www.agenturapomoci.cz\/wp-content\/uploads\/2024\/08\/Nova-role-5-212x300.jpg 212w, https:\/\/www.agenturapomoci.cz\/wp-content\/uploads\/2024\/08\/Nova-role-5-724x1024.jpg 724w, https:\/\/www.agenturapomoci.cz\/wp-content\/uploads\/2024\/08\/Nova-role-5-768x1086.jpg 768w, https:\/\/www.agenturapomoci.cz\/wp-content\/uploads\/2024\/08\/Nova-role-5-1086x1536.jpg 1086w, https:\/\/www.agenturapomoci.cz\/wp-content\/uploads\/2024\/08\/Nova-role-5-1448x2048.jpg 1448w, https:\/\/www.agenturapomoci.cz\/wp-content\/uploads\/2024\/08\/Nova-role-5-676x956.jpg 676w, https:\/\/www.agenturapomoci.cz\/wp-content\/uploads\/2024\/08\/Nova-role-5.jpg 1654w\" sizes=\"auto, (max-width: 212px) 100vw, 212px\" \/> <img loading=\"lazy\" decoding=\"async\" class=\"wp-image-493 alignleft\" src=\"https:\/\/www.agenturapomoci.cz\/wp-content\/uploads\/2024\/12\/Nova-role-6-724x1024.jpg\" alt=\"\" width=\"211\" height=\"299\" srcset=\"https:\/\/www.agenturapomoci.cz\/wp-content\/uploads\/2024\/12\/Nova-role-6-724x1024.jpg 724w, https:\/\/www.agenturapomoci.cz\/wp-content\/uploads\/2024\/12\/Nova-role-6-212x300.jpg 212w, https:\/\/www.agenturapomoci.cz\/wp-content\/uploads\/2024\/12\/Nova-role-6-768x1086.jpg 768w, https:\/\/www.agenturapomoci.cz\/wp-content\/uploads\/2024\/12\/Nova-role-6-1086x1536.jpg 1086w, https:\/\/www.agenturapomoci.cz\/wp-content\/uploads\/2024\/12\/Nova-role-6-1448x2048.jpg 1448w, https:\/\/www.agenturapomoci.cz\/wp-content\/uploads\/2024\/12\/Nova-role-6-676x956.jpg 676w, https:\/\/www.agenturapomoci.cz\/wp-content\/uploads\/2024\/12\/Nova-role-6.jpg 1654w\" sizes=\"auto, (max-width: 211px) 100vw, 211px\" \/><img loading=\"lazy\" decoding=\"async\" class=\"wp-image-483 size-medium alignleft\" src=\"https:\/\/www.agenturapomoci.cz\/wp-content\/uploads\/2024\/08\/Nova-role-1-212x300.jpg\" alt=\"\" width=\"212\" height=\"300\" srcset=\"https:\/\/www.agenturapomoci.cz\/wp-content\/uploads\/2024\/08\/Nova-role-1-212x300.jpg 212w, https:\/\/www.agenturapomoci.cz\/wp-content\/uploads\/2024\/08\/Nova-role-1-724x1024.jpg 724w, https:\/\/www.agenturapomoci.cz\/wp-content\/uploads\/2024\/08\/Nova-role-1-768x1086.jpg 768w, https:\/\/www.agenturapomoci.cz\/wp-content\/uploads\/2024\/08\/Nova-role-1-1086x1536.jpg 1086w, https:\/\/www.agenturapomoci.cz\/wp-content\/uploads\/2024\/08\/Nova-role-1-1448x2048.jpg 1448w, https:\/\/www.agenturapomoci.cz\/wp-content\/uploads\/2024\/08\/Nova-role-1-676x956.jpg 676w, https:\/\/www.agenturapomoci.cz\/wp-content\/uploads\/2024\/08\/Nova-role-1.jpg 1654w\" sizes=\"auto, (max-width: 212px) 100vw, 212px\" \/><\/p>\n<p>&nbsp;<\/p>\n<p>&nbsp;<\/p>\n<p>&nbsp;<\/p>\n<p>&nbsp;<\/p>\n<p>&nbsp;<\/p>\n<p>&nbsp;<\/p>\n<p>&nbsp;<\/p>\n<p>&nbsp;<\/p>\n<p>&nbsp;<\/p>\n<p>&nbsp;<\/p>\n<p>&nbsp;<\/p>\n<p>&nbsp;<\/p>\n<p>&nbsp;<\/p>\n<p>&nbsp;<\/p>\n<p>&nbsp;<\/p>\n<p>&nbsp;<\/p>\n<hr \/>\n<h2><\/h2>\n<h2>ROK 2025<\/h2>\n<p>Projekt osobn\u00ed asistence byl v roce 2025 realizov\u00e1n s pomoc\u00ed MPSV, Karlovarsk\u00e9ho kraje, m\u011bst a obc\u00ed.<\/p>\n<p><a href=\"http:\/\/www.kr-karlovarsky.cz\">http:\/\/www.kr-karlovarsky.cz<\/a><\/p>\n<p><img loading=\"lazy\" decoding=\"async\" class=\"alignleft wp-image-525 size-full\" src=\"https:\/\/www.agenturapomoci.cz\/wp-content\/uploads\/2026\/01\/podekovani-na-nastenku-web-2026-scaled.png\" alt=\"\" width=\"1810\" height=\"2560\" srcset=\"https:\/\/www.agenturapomoci.cz\/wp-content\/uploads\/2026\/01\/podekovani-na-nastenku-web-2026-scaled.png 1810w, https:\/\/www.agenturapomoci.cz\/wp-content\/uploads\/2026\/01\/podekovani-na-nastenku-web-2026-212x300.png 212w, https:\/\/www.agenturapomoci.cz\/wp-content\/uploads\/2026\/01\/podekovani-na-nastenku-web-2026-724x1024.png 724w, https:\/\/www.agenturapomoci.cz\/wp-content\/uploads\/2026\/01\/podekovani-na-nastenku-web-2026-768x1086.png 768w, https:\/\/www.agenturapomoci.cz\/wp-content\/uploads\/2026\/01\/podekovani-na-nastenku-web-2026-1086x1536.png 1086w, https:\/\/www.agenturapomoci.cz\/wp-content\/uploads\/2026\/01\/podekovani-na-nastenku-web-2026-1448x2048.png 1448w, https:\/\/www.agenturapomoci.cz\/wp-content\/uploads\/2026\/01\/podekovani-na-nastenku-web-2026-676x956.png 676w\" sizes=\"auto, (max-width: 1810px) 100vw, 1810px\" \/><\/p>\n<h4><\/h4>\n<hr \/>\n<h4>Projekt auto pro soci\u00e1ln\u00ed slu\u017ebu byl realizov\u00e1n v roce 2025 z Ministerstva pro m\u00edstn\u00ed rozvoj p\u0159es MAS Sokolovsko a IROP.<\/h4>\n<p><img loading=\"lazy\" decoding=\"async\" class=\"aligncenter size-full wp-image-531\" src=\"https:\/\/www.agenturapomoci.cz\/wp-content\/uploads\/2026\/01\/dotace-auto-plakat-A3-scaled.jpg\" alt=\"\" width=\"1811\" height=\"2560\" srcset=\"https:\/\/www.agenturapomoci.cz\/wp-content\/uploads\/2026\/01\/dotace-auto-plakat-A3-scaled.jpg 1811w, https:\/\/www.agenturapomoci.cz\/wp-content\/uploads\/2026\/01\/dotace-auto-plakat-A3-212x300.jpg 212w, https:\/\/www.agenturapomoci.cz\/wp-content\/uploads\/2026\/01\/dotace-auto-plakat-A3-724x1024.jpg 724w, https:\/\/www.agenturapomoci.cz\/wp-content\/uploads\/2026\/01\/dotace-auto-plakat-A3-768x1086.jpg 768w, https:\/\/www.agenturapomoci.cz\/wp-content\/uploads\/2026\/01\/dotace-auto-plakat-A3-1086x1536.jpg 1086w, https:\/\/www.agenturapomoci.cz\/wp-content\/uploads\/2026\/01\/dotace-auto-plakat-A3-1449x2048.jpg 1449w, https:\/\/www.agenturapomoci.cz\/wp-content\/uploads\/2026\/01\/dotace-auto-plakat-A3-676x956.jpg 676w\" sizes=\"auto, (max-width: 1811px) 100vw, 1811px\" \/><\/p>\n<p>&nbsp;<\/p>\n<p>&nbsp;<\/p>\n<hr \/>\n<p>D\u011bkujeme M\u011bstu Sokolov za poskytnutou dotaci na soci\u00e1ln\u00ed slu\u017ebu osobn\u00ed asistence pro rok 2025.<\/p>\n<p><img loading=\"lazy\" decoding=\"async\" class=\"aligncenter size-full wp-image-557\" src=\"https:\/\/www.agenturapomoci.cz\/wp-content\/uploads\/2026\/03\/Logo_realizovano-za-podpory-mesta-Sokolova-14.jpg\" alt=\"\" width=\"850\" height=\"170\" srcset=\"https:\/\/www.agenturapomoci.cz\/wp-content\/uploads\/2026\/03\/Logo_realizovano-za-podpory-mesta-Sokolova-14.jpg 850w, https:\/\/www.agenturapomoci.cz\/wp-content\/uploads\/2026\/03\/Logo_realizovano-za-podpory-mesta-Sokolova-14-300x60.jpg 300w, https:\/\/www.agenturapomoci.cz\/wp-content\/uploads\/2026\/03\/Logo_realizovano-za-podpory-mesta-Sokolova-14-768x154.jpg 768w, https:\/\/www.agenturapomoci.cz\/wp-content\/uploads\/2026\/03\/Logo_realizovano-za-podpory-mesta-Sokolova-14-676x135.jpg 676w\" sizes=\"auto, (max-width: 850px) 100vw, 850px\" \/><\/p>\n","protected":false},"excerpt":{"rendered":"<p>K\u00da KARLOVARSK\u00c9HO KRAJE MPSV v \u010cR M\u011aSTA a OBCE KARLOVARSK\u00c9HO KRAJE SPONZO\u0158I (don\u00e1to\u0159i) OSTATN\u00cd &#8211; soukrom\u00e9 osoby a firmy ROK 2024 Projekt Osobn\u00ed asistence je v roce 2024 realizov\u00e1n, za podpory statut\u00e1rn\u00edho m\u011bsta Karlovy Vary. \u00a0 &nbsp; http:\/\/www.kr-karlovarsky.cz http:\/\/www.zivykraj.cz \u010cinnost osobn\u00ed asistence je realizov\u00e1naza podpory: MPSV, Karlovarsk\u00e9ho kraje, obc\u00ed a m\u011bst. &nbsp; &nbsp; &nbsp; &nbsp; [&hellip;]<\/p>\n","protected":false},"author":1,"featured_media":0,"parent":0,"menu_order":0,"comment_status":"closed","ping_status":"closed","template":"","meta":{"footnotes":""},"class_list":["post-101","page","type-page","status-publish","hentry","post-preview"],"_links":{"self":[{"href":"https:\/\/www.agenturapomoci.cz\/index.php?rest_route=\/wp\/v2\/pages\/101","targetHints":{"allow":["GET"]}}],"collection":[{"href":"https:\/\/www.agenturapomoci.cz\/index.php?rest_route=\/wp\/v2\/pages"}],"about":[{"href":"https:\/\/www.agenturapomoci.cz\/index.php?rest_route=\/wp\/v2\/types\/page"}],"author":[{"embeddable":true,"href":"https:\/\/www.agenturapomoci.cz\/index.php?rest_route=\/wp\/v2\/users\/1"}],"replies":[{"embeddable":true,"href":"https:\/\/www.agenturapomoci.cz\/index.php?rest_route=%2Fwp%2Fv2%2Fcomments&post=101"}],"version-history":[{"count":44,"href":"https:\/\/www.agenturapomoci.cz\/index.php?rest_route=\/wp\/v2\/pages\/101\/revisions"}],"predecessor-version":[{"id":559,"href":"https:\/\/www.agenturapomoci.cz\/index.php?rest_route=\/wp\/v2\/pages\/101\/revisions\/559"}],"wp:attachment":[{"href":"https:\/\/www.agenturapomoci.cz\/index.php?rest_route=%2Fwp%2Fv2%2Fmedia&parent=101"}],"curies":[{"name":"wp","href":"https:\/\/api.w.org\/{rel}","templated":true}]}}