{"id":133,"date":"2018-04-05T14:34:52","date_gmt":"2018-04-05T13:34:52","guid":{"rendered":"http:\/\/www.agenturapomoci.cz\/?page_id=133"},"modified":"2026-03-04T13:52:27","modified_gmt":"2026-03-04T11:52:27","slug":"sluzby","status":"publish","type":"page","link":"https:\/\/www.agenturapomoci.cz\/?page_id=133","title":{"rendered":"Slu\u017eby"},"content":{"rendered":"<p style=\"text-align: left;\"><strong>Nab\u00edz\u00edme registrovanou slu\u017ebu osobn\u00ed asistence. K asistenci lze zajistit n\u00ed\u017ee uveden\u00e9 slu\u017eby.<\/strong><\/p>\n<div>\n<p>Dle Z\u00e1kona o soci\u00e1ln\u00edch slu\u017eb\u00e1ch\u00a0 \u010d. 108\/2006 Sb. , platn\u00e9ho od 1.1.2007 a prov\u00e1d\u011bc\u00ed vyhl\u00e1\u0161ky \u010d.505\/2006 poskytujeme:<\/p>\n<\/div>\n<p><strong><var>a)<\/var>\u00a0pomoc p\u0159i zvl\u00e1d\u00e1n\u00ed b\u011b\u017en\u00fdch \u00fakon\u016f p\u00e9\u010de o vlastn\u00ed osobu,<\/strong><\/p>\n<div>\n<p><strong><var>b)<\/var>\u00a0pomoc p\u0159i osobn\u00ed hygien\u011b,<\/strong><strong><var>c)<\/var>\u00a0pomoc p\u0159i zaji\u0161t\u011bn\u00ed stravy,<\/strong><\/p>\n<p><strong><var>d)<\/var>\u00a0pomoc p\u0159i zaji\u0161t\u011bn\u00ed chodu dom\u00e1cnosti,<\/strong><\/p>\n<p><strong><var>e)<\/var>\u00a0v\u00fdchovn\u00e9, vzd\u011bl\u00e1vac\u00ed a aktiviza\u010dn\u00ed \u010dinnosti,<\/strong><\/p>\n<p><strong><var>f)<\/var>\u00a0zprost\u0159edkov\u00e1n\u00ed kontaktu se spole\u010densk\u00fdm prost\u0159ed\u00edm,<\/strong><\/p>\n<p><strong><var>g)<\/var> pomoc p\u0159i uplat\u0148ov\u00e1n\u00ed pr\u00e1v, opr\u00e1vn\u011bn\u00fdch z\u00e1jm\u016f a p\u0159i obstar\u00e1v\u00e1n\u00ed osobn\u00edch z\u00e1le\u017eitost\u00ed.<\/strong><\/p>\n<p><b>Dal\u0161\u00ed slu\u017eby<\/b><\/p>\n<ul>\n<li>T\u011b\u017ece se pohybujete, m\u00e1te probl\u00e9my s pohybem uvnit\u0159 i venku?<\/li>\n<li>Jste po hav\u00e1rii?<\/li>\n<li>\u010cek\u00e1te na schv\u00e1len\u00ed pom\u016fcky revizn\u00edm l\u00e9ka\u0159em, nebo m\u00e1te pom\u016fcku objednanou a je\u0161t\u011b ji fyzicky nem\u00e1te a ji\u017e ji pot\u0159ebujete?<\/li>\n<li><span style=\"text-align: right;\">Chcete si po\u0159\u00eddit zdr. pom\u016fcku, ale nem\u00e1te j\u00ed vyzkou\u0161enou?<\/span><\/li>\n<li>Po\u0159ebujete pomoc s v\u00fdb\u011brem polohovac\u00edho l\u016f\u017eka?<\/li>\n<li>P\u0159ij\u010fte si pom\u016fcku vyzkou\u0161et, porad\u00edme, pom\u016f\u017eeme vybrat typ i zap\u016fj\u010d\u00edme na vyzkou\u0161en\u00ed nap\u0159.:<\/li>\n<\/ul>\n<p>&nbsp;<\/p>\n<hr \/>\n<p>&nbsp;<\/p>\n<p><strong>Cen\u00edk za poskytov\u00e1n\u00ed soci\u00e1ln\u00ed slu\u017eby osobn\u00ed asistence<br \/>\n<\/strong><\/p>\n<p><strong>Cena za poskytnut\u00ed soci\u00e1ln\u00ed slu\u017eby:<br \/>\n<\/strong><em>Maxim\u00e1ln\u00ed v\u00fd\u0161e \u00fahrady za poskytov\u00e1n\u00ed osobn\u00ed asistence je d\u00e1na z\u00e1konem \u010d. 108\/2006 Sb. <\/em><em>\u00a7 75 odst. 1 p\u00edsm. a) a novelizac\u00ed vyhl. \u010d.505\/2006 Sb. \u00a7 5 odst. 2., kterou se prov\u00e1d\u011bj\u00ed n\u011bkter\u00e1 <\/em><em>ustanoven\u00ed z\u00e1kona o soci\u00e1ln\u00edch slu\u017eb\u00e1ch.<\/em><\/p>\n<p><strong><em>Maxim\u00e1ln\u00ed v\u00fd\u0161e \u00fahrady, od 1.8.2024 pro poskytov\u00e1n\u00ed osobn\u00ed asistence \u010din\u00ed 165.- K\u010d za 1 hodinu p\u00e9\u010de. Dle z\u00e1kona o soci\u00e1ln\u00edch slu\u017eb\u00e1ch \u010d. 108\/2006 Sb., je mo\u017en\u00e9 poskytovat p\u00e9\u010di po dobu 24 Hod. i v no\u010dn\u00edch hodin\u00e1ch, dle kapacity slu\u017eby.<\/em><\/strong><\/p>\n<p><em>Klient, jeho\u017e finan\u010dn\u00ed situace neumo\u017e\u0148uje \u00fahradu v pln\u00e9 v\u00fd\u0161i, m\u00e1 mo\u017enost po\u017e\u00e1dat o sn\u00ed\u017een\u00ed <\/em><em>\u00fahrady. V\u00a0tomto p\u0159\u00edpad\u011b je povinen dolo\u017eit v\u00fd\u0161i p\u0159\u00edjm\u016f a p\u0159edlo\u017eit rozhodnut\u00ed \u00daP o zam\u00edtnut\u00ed<\/em><br \/>\n<em>p\u0159\u00edsp\u011bvku na p\u00e9\u010di.<\/em><\/p>\n<p><strong>Zdali zaji\u0161t\u011bn\u00ed slu\u017eby netrv\u00e1 celou hodinu, \u00fahrada je pom\u011brn\u011b sn\u00ed\u017eena.<\/strong><\/p>\n<p>&nbsp;<\/p>\n<hr \/>\n<p>&nbsp;<\/p>\n<p>Mechanick\u00e9 voz\u00edky<\/p>\n<p>R\u016fzn\u00e9 typy chod\u00edtek<\/p>\n<p>Toaletn\u00ed k\u0159esla<\/p>\n<p>N\u00e1stavce na WC<\/p>\n<p>Seda\u010dka do i na vany<\/p>\n<p>Antidekubitn\u00ed matrace<\/p>\n<p>Podlo\u017eky na \u017eidle<\/p>\n<p>Francouzsk\u00e9 hole<\/p>\n<p>Vych\u00e1zkov\u00e9 hole<\/p>\n<p>Berle<\/p>\n<p>Seda\u010dka do sprchov\u00e9ho koutu, hrazdi\u010dky k l\u016f\u017eku, atd.<\/p>\n<p>&nbsp;<\/p>\n<\/div>\n<div><span style=\"font-size: 16px;\">Pracujeme dle Region\u00e1ln\u00edch karet Karlovarsk\u00e9ho kraje.\u00a0<\/span><\/div>\n<p>&nbsp;<\/p>\n<p><a href=\"http:\/\/www.agenturapomoci.cz\/wp-content\/uploads\/2019\/10\/karta-\u00fakon\u016f-1.pdf\">karta \u00fakon\u016f 1<\/a><\/p>\n<p><a href=\"http:\/\/www.agenturapomoci.cz\/wp-content\/uploads\/2019\/10\/karta-\u00fakon\u016f-2.pdf\">karta \u00fakon\u016f 2<\/a><\/p>\n<p style=\"text-align: center;\"><b>\u00a0<\/b><\/p>\n","protected":false},"excerpt":{"rendered":"<p>Nab\u00edz\u00edme registrovanou slu\u017ebu osobn\u00ed asistence. K asistenci lze zajistit n\u00ed\u017ee uveden\u00e9 slu\u017eby. Dle Z\u00e1kona o soci\u00e1ln\u00edch slu\u017eb\u00e1ch\u00a0 \u010d. 108\/2006 Sb. , platn\u00e9ho od 1.1.2007 a prov\u00e1d\u011bc\u00ed vyhl\u00e1\u0161ky \u010d.505\/2006 poskytujeme: a)\u00a0pomoc p\u0159i zvl\u00e1d\u00e1n\u00ed b\u011b\u017en\u00fdch \u00fakon\u016f p\u00e9\u010de o vlastn\u00ed osobu, b)\u00a0pomoc p\u0159i osobn\u00ed hygien\u011b,c)\u00a0pomoc p\u0159i zaji\u0161t\u011bn\u00ed stravy, d)\u00a0pomoc p\u0159i zaji\u0161t\u011bn\u00ed chodu dom\u00e1cnosti, e)\u00a0v\u00fdchovn\u00e9, vzd\u011bl\u00e1vac\u00ed a aktiviza\u010dn\u00ed \u010dinnosti, [&hellip;]<\/p>\n","protected":false},"author":1,"featured_media":0,"parent":0,"menu_order":0,"comment_status":"closed","ping_status":"closed","template":"","meta":{"footnotes":""},"class_list":["post-133","page","type-page","status-publish","hentry","post-preview"],"_links":{"self":[{"href":"https:\/\/www.agenturapomoci.cz\/index.php?rest_route=\/wp\/v2\/pages\/133","targetHints":{"allow":["GET"]}}],"collection":[{"href":"https:\/\/www.agenturapomoci.cz\/index.php?rest_route=\/wp\/v2\/pages"}],"about":[{"href":"https:\/\/www.agenturapomoci.cz\/index.php?rest_route=\/wp\/v2\/types\/page"}],"author":[{"embeddable":true,"href":"https:\/\/www.agenturapomoci.cz\/index.php?rest_route=\/wp\/v2\/users\/1"}],"replies":[{"embeddable":true,"href":"https:\/\/www.agenturapomoci.cz\/index.php?rest_route=%2Fwp%2Fv2%2Fcomments&post=133"}],"version-history":[{"count":13,"href":"https:\/\/www.agenturapomoci.cz\/index.php?rest_route=\/wp\/v2\/pages\/133\/revisions"}],"predecessor-version":[{"id":554,"href":"https:\/\/www.agenturapomoci.cz\/index.php?rest_route=\/wp\/v2\/pages\/133\/revisions\/554"}],"wp:attachment":[{"href":"https:\/\/www.agenturapomoci.cz\/index.php?rest_route=%2Fwp%2Fv2%2Fmedia&parent=133"}],"curies":[{"name":"wp","href":"https:\/\/api.w.org\/{rel}","templated":true}]}}