{"id":497,"date":"2025-05-19T13:44:16","date_gmt":"2025-05-19T11:44:16","guid":{"rendered":"https:\/\/www.agenturapomoci.cz\/?page_id=497"},"modified":"2025-10-29T12:35:03","modified_gmt":"2025-10-29T10:35:03","slug":"aktualne","status":"publish","type":"page","link":"https:\/\/www.agenturapomoci.cz\/?page_id=497","title":{"rendered":"Aktu\u00e1ln\u011b"},"content":{"rendered":"<h3>Realizace projekt\u016f<\/h3>\n<h3>&#8211; <strong>Vozidlo pro soci\u00e1ln\u00ed slu\u017ebu Osobn\u00ed asistence, bylo po\u0159\u00edzeno za p\u0159isp\u011bn\u00ed\u00a0<\/strong><\/h3>\n<p>&nbsp;<\/p>\n<p><img loading=\"lazy\" decoding=\"async\" class=\"aligncenter size-large wp-image-507\" src=\"https:\/\/www.agenturapomoci.cz\/wp-content\/uploads\/2025\/09\/EUMMR-Barevne-1024x124.png\" alt=\"\" width=\"676\" height=\"82\" srcset=\"https:\/\/www.agenturapomoci.cz\/wp-content\/uploads\/2025\/09\/EUMMR-Barevne-1024x124.png 1024w, https:\/\/www.agenturapomoci.cz\/wp-content\/uploads\/2025\/09\/EUMMR-Barevne-300x36.png 300w, https:\/\/www.agenturapomoci.cz\/wp-content\/uploads\/2025\/09\/EUMMR-Barevne-768x93.png 768w, https:\/\/www.agenturapomoci.cz\/wp-content\/uploads\/2025\/09\/EUMMR-Barevne-1536x187.png 1536w, https:\/\/www.agenturapomoci.cz\/wp-content\/uploads\/2025\/09\/EUMMR-Barevne-2048x249.png 2048w, https:\/\/www.agenturapomoci.cz\/wp-content\/uploads\/2025\/09\/EUMMR-Barevne-676x82.png 676w\" sizes=\"auto, (max-width: 676px) 100vw, 676px\" \/><\/p>\n<p>&nbsp;<\/p>\n<p><strong>C\u00edl projektu<\/strong> &#8211; Zaji\u0161t\u011bn\u00ed poskytov\u00e1n\u00ed soci\u00e1ln\u00edch slu\u017eeb dle z\u00e1kona \u010d. 108\/2006 Sb., o soci\u00e1ln\u00edch slu\u017eb\u00e1ch, v druhu a kapacit\u011b ur\u010den\u00e9 v \u017e\u00e1dosti o podporu od data ukon\u010den\u00ed realizace projektu za \u00fa\u010delem zkvalitn\u011bn\u00ed materi\u00e1ln\u011b technick\u00e9 z\u00e1kladny st\u00e1vaj\u00edc\u00edch slu\u017eeb dle z\u00e1kona \u010d. 108\/2006 Sb., o soci\u00e1ln\u00edch slu\u017eb\u00e1ch.<\/p>\n<p>Projekt byl zrealizov\u00e1n a c\u00edl projektu, zkvalitn\u011bn\u00ed materi\u00e1ln\u011b-technick\u00e9 z\u00e1kladny st\u00e1vaj\u00edc\u00edch slu\u017eeb dle z\u00e1kona \u010d. 108\/2006 Sb., o soci\u00e1ln\u00edch slu\u017eb\u00e1ch byl napln\u011bn.<\/p>\n<p><img loading=\"lazy\" decoding=\"async\" class=\"wp-image-520 alignleft\" src=\"https:\/\/www.agenturapomoci.cz\/wp-content\/uploads\/2025\/10\/FB_IMG_1761732598169-766x1024.jpg\" alt=\"\" width=\"464\" height=\"620\" srcset=\"https:\/\/www.agenturapomoci.cz\/wp-content\/uploads\/2025\/10\/FB_IMG_1761732598169-766x1024.jpg 766w, https:\/\/www.agenturapomoci.cz\/wp-content\/uploads\/2025\/10\/FB_IMG_1761732598169-224x300.jpg 224w, https:\/\/www.agenturapomoci.cz\/wp-content\/uploads\/2025\/10\/FB_IMG_1761732598169-768x1027.jpg 768w, https:\/\/www.agenturapomoci.cz\/wp-content\/uploads\/2025\/10\/FB_IMG_1761732598169-1149x1536.jpg 1149w, https:\/\/www.agenturapomoci.cz\/wp-content\/uploads\/2025\/10\/FB_IMG_1761732598169-676x904.jpg 676w, https:\/\/www.agenturapomoci.cz\/wp-content\/uploads\/2025\/10\/FB_IMG_1761732598169.jpg 1532w\" sizes=\"auto, (max-width: 464px) 100vw, 464px\" \/> <img loading=\"lazy\" decoding=\"async\" class=\"wp-image-518 alignleft\" src=\"https:\/\/www.agenturapomoci.cz\/wp-content\/uploads\/2025\/10\/FB_IMG_1761732587425-766x1024.jpg\" alt=\"\" width=\"476\" height=\"637\" srcset=\"https:\/\/www.agenturapomoci.cz\/wp-content\/uploads\/2025\/10\/FB_IMG_1761732587425-766x1024.jpg 766w, https:\/\/www.agenturapomoci.cz\/wp-content\/uploads\/2025\/10\/FB_IMG_1761732587425-224x300.jpg 224w, https:\/\/www.agenturapomoci.cz\/wp-content\/uploads\/2025\/10\/FB_IMG_1761732587425-768x1027.jpg 768w, https:\/\/www.agenturapomoci.cz\/wp-content\/uploads\/2025\/10\/FB_IMG_1761732587425-1149x1536.jpg 1149w, https:\/\/www.agenturapomoci.cz\/wp-content\/uploads\/2025\/10\/FB_IMG_1761732587425-676x904.jpg 676w, https:\/\/www.agenturapomoci.cz\/wp-content\/uploads\/2025\/10\/FB_IMG_1761732587425.jpg 1532w\" sizes=\"auto, (max-width: 476px) 100vw, 476px\" \/><\/p>\n<p><img loading=\"lazy\" decoding=\"async\" class=\" wp-image-521 alignleft\" src=\"https:\/\/www.agenturapomoci.cz\/wp-content\/uploads\/2025\/10\/WhatsApp-Image-2025-10-29-at-11.14.57-224x300.jpeg\" alt=\"\" width=\"475\" height=\"636\" srcset=\"https:\/\/www.agenturapomoci.cz\/wp-content\/uploads\/2025\/10\/WhatsApp-Image-2025-10-29-at-11.14.57-224x300.jpeg 224w, https:\/\/www.agenturapomoci.cz\/wp-content\/uploads\/2025\/10\/WhatsApp-Image-2025-10-29-at-11.14.57-766x1024.jpeg 766w, https:\/\/www.agenturapomoci.cz\/wp-content\/uploads\/2025\/10\/WhatsApp-Image-2025-10-29-at-11.14.57-768x1027.jpeg 768w, https:\/\/www.agenturapomoci.cz\/wp-content\/uploads\/2025\/10\/WhatsApp-Image-2025-10-29-at-11.14.57-1149x1536.jpeg 1149w, https:\/\/www.agenturapomoci.cz\/wp-content\/uploads\/2025\/10\/WhatsApp-Image-2025-10-29-at-11.14.57-676x904.jpeg 676w, https:\/\/www.agenturapomoci.cz\/wp-content\/uploads\/2025\/10\/WhatsApp-Image-2025-10-29-at-11.14.57.jpeg 1496w\" sizes=\"auto, (max-width: 475px) 100vw, 475px\" \/><\/p>\n<p>&nbsp;<\/p>\n<p>&nbsp;<\/p>\n<p>&nbsp;<\/p>\n<p>&nbsp;<\/p>\n<p>&nbsp;<\/p>\n<p>&nbsp;<\/p>\n<p>&nbsp;<\/p>\n<p>&nbsp;<\/p>\n<p>&nbsp;<\/p>\n<p>&nbsp;<\/p>\n<p>&nbsp;<\/p>\n<p>&nbsp;<\/p>\n<p>&nbsp;<\/p>\n<p>&nbsp;<\/p>\n<p>&nbsp;<\/p>\n<p>&nbsp;<\/p>\n<p>&nbsp;<\/p>\n<p><img loading=\"lazy\" decoding=\"async\" class=\"wp-image-522 alignleft\" src=\"https:\/\/www.agenturapomoci.cz\/wp-content\/uploads\/2025\/10\/WhatsApp-Image-2025-10-29-at-11.14.57-1-224x300.jpeg\" alt=\"\" width=\"527\" height=\"705\" srcset=\"https:\/\/www.agenturapomoci.cz\/wp-content\/uploads\/2025\/10\/WhatsApp-Image-2025-10-29-at-11.14.57-1-224x300.jpeg 224w, https:\/\/www.agenturapomoci.cz\/wp-content\/uploads\/2025\/10\/WhatsApp-Image-2025-10-29-at-11.14.57-1-766x1024.jpeg 766w, https:\/\/www.agenturapomoci.cz\/wp-content\/uploads\/2025\/10\/WhatsApp-Image-2025-10-29-at-11.14.57-1-768x1027.jpeg 768w, https:\/\/www.agenturapomoci.cz\/wp-content\/uploads\/2025\/10\/WhatsApp-Image-2025-10-29-at-11.14.57-1-1149x1536.jpeg 1149w, https:\/\/www.agenturapomoci.cz\/wp-content\/uploads\/2025\/10\/WhatsApp-Image-2025-10-29-at-11.14.57-1-676x904.jpeg 676w, https:\/\/www.agenturapomoci.cz\/wp-content\/uploads\/2025\/10\/WhatsApp-Image-2025-10-29-at-11.14.57-1.jpeg 1496w\" sizes=\"auto, (max-width: 527px) 100vw, 527px\" \/><\/p>\n<p>&nbsp;<\/p>\n<p>&nbsp;<\/p>\n<p>&nbsp;<\/p>\n<p>&nbsp;<\/p>\n<p>&nbsp;<\/p>\n<p>&nbsp;<\/p>\n<p>&nbsp;<\/p>\n<p>&nbsp;<\/p>\n<p>&nbsp;<\/p>\n<p>&nbsp;<\/p>\n<p>&nbsp;<\/p>\n<p>&nbsp;<\/p>\n<p>&nbsp;<\/p>\n<p>&nbsp;<\/p>\n<p>&nbsp;<\/p>\n<p>&nbsp;<\/p>\n<p>&nbsp;<\/p>\n<p>&nbsp;<\/p>\n<p>&nbsp;<\/p>\n<p>&nbsp;<\/p>\n<p>Agentura osobn\u00ed asistence je obecn\u011b prosp\u011b\u0161nou spole\u010dnost\u00ed, kter\u00e1 pe\u010duje o osoby se zdravotn\u00edm a soci\u00e1ln\u00edm handicapem. S\u00eddl\u00ed ve m\u011bst\u011b Sokolov a jej\u00ed asistenti doj\u00ed\u017ed\u00ed do m\u011bst a obc\u00ed Karlovarsk\u00e9ho kraje. Pe\u010duje o osoby i ze vzd\u00e1len\u011bj\u0161\u00edch obc\u00ed Karlovarsk\u00e9ho kraje, jako je nap\u0159. Sokolovsko, Kraslicko, B\u0159ezov\u00e1 a p\u0159ilehl\u00e9 obce, Be\u010dov a okol\u00ed, Chodov a okol\u00ed, Karlovarsko, Kr\u00e1sn\u00e9 \u00dadol\u00ed, Kyn\u0161perk a okol\u00ed, Habartov, Bukovany, Lomnice. Osobn\u00ed asistenti doch\u00e1zej\u00ed do dom\u00e1cnosti osob, kter\u00e9 pot\u0159ebuj\u00ed pomoc s p\u00e9\u010d\u00ed o vlastn\u00ed osobu. Jedn\u00e1 se o osoby, kter\u00e9 jsou jak v seniorsk\u00e9m v\u011bku, tak i v d\u011btsk\u00e9m a produktivn\u00edm v\u011bku. D\u00e1le asistenti doch\u00e1zej\u00ed k osob\u00e1m, kter\u00e9 utrp\u011bly \u00farazy pohybov\u00e9ho apar\u00e1tu, k osob\u00e1m se smyslov\u00fdm posti\u017een\u00edm i k osob\u00e1m chronicky nemocn\u00fdm. Dal\u0161\u00ed informace lze z\u00edskat na Facebookov\u00fdch str\u00e1nk\u00e1ch organizace.<\/p>\n<p>&nbsp;<\/p>\n<p>&nbsp;<\/p>\n<p><span id=\"p3R_mc0\" class=\"markedContent\"><span dir=\"ltr\" role=\"presentation\"><span tabindex=\"0\">\u017d\u00edt doma s<\/span><\/span> <span dir=\"ltr\" role=\"presentation\"><span tabindex=\"0\">asistenc\u00ed<\/span><\/span><span dir=\"ltr\" role=\"presentation\"><span tabindex=\"0\">, NEJSTE NA TO SAMI<\/span><\/span><\/span><span id=\"p3R_mc1\" class=\"markedContent\"><\/span><span id=\"p3R_mc2\" class=\"markedContent\"><\/span><span id=\"p3R_mc3\" class=\"markedContent\"><\/span><span id=\"p3R_mc4\" class=\"markedContent\"><br role=\"presentation\" \/><span dir=\"ltr\" role=\"presentation\"><span tabindex=\"0\">\u010clov\u011bk, z\u00e1visl\u00fd ve st\u00e1\u0159\u00ed na pomoci druh\u00e9 osoby se nemus\u00ed vyst\u011bhovat ze sv\u00e9ho bytu, nemus\u00ed vstoupit do p\u00e9\u010de<\/span><\/span><br role=\"presentation\" \/><span dir=\"ltr\" role=\"presentation\"><span tabindex=\"0\">pobytov\u00e9 slu\u017eby. Osobn\u00ed asistence je vhodn\u00fdm \u0159e\u0161en\u00edm ot\u00e1zky, zda m\u016f\u017ee \u010dlov\u011bk ve st\u00e1\u0159\u00ed<\/span><\/span> <span dir=\"ltr\" role=\"presentation\"><span tabindex=\"0\">z\u016fstat doma.<\/span><\/span><\/span><span id=\"p3R_mc5\" class=\"markedContent\"><br role=\"presentation\" \/><span dir=\"ltr\" role=\"presentation\"><span tabindex=\"0\">Osobn\u00ed asistenti mu pomohou s<\/span><\/span> <span dir=\"ltr\" role=\"presentation\"><span tabindex=\"0\">hygienou, obl\u00e9k\u00e1n\u00edm, n\u00e1kupem, s<\/span><\/span> <span dir=\"ltr\" role=\"presentation\"><span tabindex=\"0\">p\u0159\u00edpravou stravy, vyzvednut\u00edm stravy, l\u00e9k\u016f<\/span><\/span><br role=\"presentation\" \/><span dir=\"ltr\" role=\"presentation\"><span tabindex=\"0\">apod., s<\/span><\/span> <span dir=\"ltr\" role=\"presentation\"><span tabindex=\"0\">dopraven\u00edm k<\/span><\/span> <span dir=\"ltr\" role=\"presentation\"><span tabindex=\"0\">l\u00e9ka\u0159i, ke kamar\u00e1dce, doprovodem na proch\u00e1zky i<\/span><\/span> <span dir=\"ltr\" role=\"presentation\"><span tabindex=\"0\">na<\/span><\/span> <span dir=\"ltr\" role=\"presentation\"><span tabindex=\"0\">r\u016fzn\u00e9 akce.<\/span><\/span><\/span><span id=\"p3R_mc6\" class=\"markedContent\"><\/span><span id=\"p3R_mc7\" class=\"markedContent\"><br role=\"presentation\" \/><span dir=\"ltr\" role=\"presentation\"><span tabindex=\"0\">Mnoz\u00ed z<\/span><\/span> <span dir=\"ltr\" role=\"presentation\"><span tabindex=\"0\">t\u011bchto osob<\/span><\/span> <span dir=\"ltr\" role=\"presentation\"><span tabindex=\"0\">maj\u00ed probl\u00e9my pohybov\u00e9<\/span><\/span><span dir=\"ltr\" role=\"presentation\"><span tabindex=\"0\">ho apar\u00e1tu<\/span><\/span><span dir=\"ltr\" role=\"presentation\"><span tabindex=\"0\">. Dal\u0161\u00ed maj\u00ed probl\u00e9my s<\/span><\/span> <span dir=\"ltr\" role=\"presentation\"><span tabindex=\"0\">pam\u011bt\u00ed nebo jen nejsou<\/span><\/span><br role=\"presentation\" \/><span dir=\"ltr\" role=\"presentation\"><span tabindex=\"0\">v<\/span><\/span> <span dir=\"ltr\" role=\"presentation\"><span tabindex=\"0\">psychick\u00e9 pohod\u011b.<\/span><\/span><\/span><span id=\"p3R_mc8\" class=\"markedContent\"><\/span><span id=\"p3R_mc9\" class=\"markedContent\"><br role=\"presentation\" \/><span dir=\"ltr\" role=\"presentation\"><span tabindex=\"0\">Z<\/span><\/span> <span dir=\"ltr\" role=\"presentation\"><span tabindex=\"0\">pohledu u\u017eivatel\u016f slu\u017eby Osobn\u00ed asistence, kter\u00e1 s\u00eddl\u00ed v<\/span><\/span> <span dir=\"ltr\" role=\"presentation\"><span tabindex=\"0\">Sokolov\u011b<\/span><\/span><span dir=\"ltr\" role=\"presentation\"><span tabindex=\"0\">, v<\/span><\/span> <span dir=\"ltr\" role=\"presentation\"><span tabindex=\"0\">ulici Hornick\u00e1 1595 (b\u00fdval\u00fd H\u00e1je\u010dek)<\/span><\/span><br role=\"presentation\" \/><span dir=\"ltr\" role=\"presentation\"><span tabindex=\"0\">pod n\u00e1zvem Agentura osobn\u00ed asistence a soci\u00e1ln\u00edho poradenstv\u00ed o.p.s.<\/span><\/span> <span dir=\"ltr\" role=\"presentation\"><span tabindex=\"0\">je pro n\u011b slu\u017eba velmi cenn\u00e1.<\/span><\/span><br role=\"presentation\" \/><span dir=\"ltr\" role=\"presentation\"><span tabindex=\"0\">Z<\/span><\/span> <span dir=\"ltr\" role=\"presentation\"><span tabindex=\"0\">d\u016fvodu upadnut\u00ed a n\u00e1sledn\u00fdm obav\u00e1m z<\/span><\/span> <span dir=\"ltr\" role=\"presentation\"><span tabindex=\"0\">dal\u0161\u00edho p\u00e1du a v<\/span><\/span> <span dir=\"ltr\" role=\"presentation\"><span tabindex=\"0\">tomto sm\u011bru<\/span><\/span> <span dir=\"ltr\" role=\"presentation\"><span tabindex=\"0\">ur\u010dit\u00e9<\/span><\/span> <span dir=\"ltr\" role=\"presentation\"><span tabindex=\"0\">nesamostatnosti n\u011bkte\u0159\u00ed<\/span><\/span><br role=\"presentation\" \/><span dir=\"ltr\" role=\"presentation\"><span tabindex=\"0\">u\u017eivatel\u00e9<\/span><\/span> <span dir=\"ltr\" role=\"presentation\"><span tabindex=\"0\">chod\u00ed s<\/span><\/span> <span dir=\"ltr\" role=\"presentation\"><span tabindex=\"0\">asistentkami ka\u017ed\u00fd den ven na proch\u00e1zky, na n\u00e1kup.<\/span><\/span> <span dir=\"ltr\" role=\"presentation\"><span tabindex=\"0\">Mno<\/span><\/span><span dir=\"ltr\" role=\"presentation\"><span tabindex=\"0\">h\u00fdm<\/span><\/span> <span dir=\"ltr\" role=\"presentation\"><span tabindex=\"0\">z<\/span><\/span> <span dir=\"ltr\" role=\"presentation\"><span tabindex=\"0\">nich<\/span><\/span> <span dir=\"ltr\" role=\"presentation\"><span tabindex=\"0\">d\u011bl\u00e1<\/span><\/span> <span dir=\"ltr\" role=\"presentation\"><span tabindex=\"0\">probl\u00e9m pohyb<\/span><\/span><span dir=\"ltr\" role=\"presentation\"><span tabindex=\"0\">,<\/span><\/span><br role=\"presentation\" \/><span dir=\"ltr\" role=\"presentation\"><span tabindex=\"0\">ch\u016fze, vst\u00e1v\u00e1n\u00ed, used\u00e1n\u00ed<\/span><\/span><span dir=\"ltr\" role=\"presentation\"><span tabindex=\"0\">. Dal\u0161\u00ed<\/span><\/span><span dir=\"ltr\" role=\"presentation\"><span tabindex=\"0\">m<\/span><\/span> <span dir=\"ltr\" role=\"presentation\"><span tabindex=\"0\">z<\/span><\/span> <span dir=\"ltr\" role=\"presentation\"><span tabindex=\"0\">probl\u00e9m\u016f je<\/span><\/span> <span dir=\"ltr\" role=\"presentation\"><span tabindex=\"0\">pam\u011b<\/span><\/span><span dir=\"ltr\" role=\"presentation\"><span tabindex=\"0\">\u0165<\/span><\/span> <span dir=\"ltr\" role=\"presentation\"><span tabindex=\"0\">nebo jen<\/span><\/span> <span dir=\"ltr\" role=\"presentation\"><span tabindex=\"0\">jejich \u0161patn\u00e1<\/span><\/span> <span dir=\"ltr\" role=\"presentation\"><span tabindex=\"0\">psychick<\/span><\/span><span dir=\"ltr\" role=\"presentation\"><span tabindex=\"0\">\u00e1<\/span><\/span> <span dir=\"ltr\" role=\"presentation\"><span tabindex=\"0\">pohod<\/span><\/span><span dir=\"ltr\" role=\"presentation\"><span tabindex=\"0\">a<\/span><\/span><span dir=\"ltr\" role=\"presentation\"><span tabindex=\"0\">.<\/span><\/span> <span dir=\"ltr\" role=\"presentation\"><span tabindex=\"0\">Dle sd\u011ble<\/span><\/span><span dir=\"ltr\" role=\"presentation\"><span tabindex=\"0\">n\u00ed<\/span><\/span><br role=\"presentation\" \/><span dir=\"ltr\" role=\"presentation\"><span tabindex=\"0\">osob, vyu\u017e\u00edvaj\u00edc\u00ed tuto p\u00e9\u010di, jsou r\u00e1di za to, \u017ee mohou z\u016fstat doma, ve sv\u00e9m prost\u0159ed\u00ed<\/span><\/span> <span dir=\"ltr\" role=\"presentation\"><span tabindex=\"0\">a \u017ee d\u00edky asistentk\u00e1m,<\/span><\/span><br role=\"presentation\" \/><span dir=\"ltr\" role=\"presentation\"><span tabindex=\"0\">kter\u00e9 jim pom\u00e1haj\u00ed s<\/span><\/span> <span dir=\"ltr\" role=\"presentation\"><span tabindex=\"0\">dennodenn\u00edmi \u010dinnostmi mohou \u017e\u00edt sami, rozhodovat se sami a \u017e\u00edt d\u016fstojn\u00fdm \u017eivotem,<\/span><\/span><br role=\"presentation\" \/><span dir=\"ltr\" role=\"presentation\"><span tabindex=\"0\">kter\u00fd je je\u0161t\u011b napl\u0148uje.<\/span><\/span><\/span><span id=\"p3R_mc10\" class=\"markedContent\"><\/span><span id=\"p3R_mc11\" class=\"markedContent\"><br role=\"presentation\" \/><span dir=\"ltr\" role=\"presentation\"><span tabindex=\"0\">Rodinn\u00ed p\u0159\u00edslu\u0161n\u00edci sd\u011bluj\u00ed, \u017ee jsou velice r\u00e1di za takovouto slu\u017ebu. Ne, \u017ee maj\u00ed m\u00e9n\u011b starost\u00ed, ale v\u00ed, \u017ee o<\/span><\/span><br role=\"presentation\" \/><span dir=\"ltr\" role=\"presentation\"><span tabindex=\"0\">maminku, tat\u00ednka apod. je postar\u00e1no. Dle jejich sd\u011blen\u00ed<\/span><\/span> <span dir=\"ltr\" role=\"presentation\"><span tabindex=\"0\">\u201c<\/span><\/span><span dir=\"ltr\" role=\"presentation\"><span tabindex=\"0\">je fajn, \u017ee s<\/span><\/span> <span dir=\"ltr\" role=\"presentation\"><span tabindex=\"0\">maminkou asistentka jede a doprovod\u00ed ji<\/span><\/span><br role=\"presentation\" \/><span dir=\"ltr\" role=\"presentation\"><span tabindex=\"0\">k<\/span><\/span> <span dir=\"ltr\" role=\"presentation\"><span tabindex=\"0\">l\u00e9ka\u0159i, \u017ee j\u00ed pom\u016f\u017ee do sprchy, nebo jen umyje na l\u016f\u017eku<\/span><\/span><span dir=\"ltr\" role=\"presentation\"><span tabindex=\"0\">,<\/span><\/span> <span dir=\"ltr\" role=\"presentation\"><span tabindex=\"0\">a hlavn\u011b<\/span><\/span> <span dir=\"ltr\" role=\"presentation\"><span tabindex=\"0\">si s<\/span><\/span> <span dir=\"ltr\" role=\"presentation\"><span tabindex=\"0\">n\u00ed n\u011bkdo pov\u00edd\u00e1 a bere j\u00ed takovou, jak\u00e1<\/span><\/span><br role=\"presentation\" \/><span dir=\"ltr\" role=\"presentation\"><span tabindex=\"0\">je. Maminka se u\u017e \u010dasto propad\u00e1 do d\u011btstv\u00ed, a a\u010dkoliv \u017eije v<\/span><\/span> <span dir=\"ltr\" role=\"presentation\"><span tabindex=\"0\">dom\u00e1c\u00edm prost\u0159ed\u00ed, moc se neorientuje. Pt\u00e1 se<\/span><\/span><br role=\"presentation\" \/><span dir=\"ltr\" role=\"presentation\"><span tabindex=\"0\">po tat\u00ednkovi a domov\u011b, kde tehdy \u017eila.<\/span><\/span> <span dir=\"ltr\" role=\"presentation\"><span tabindex=\"0\">N\u011bkdy \u017eije ve sv\u00e9m sv\u011bt\u011b. Nen\u00ed t<\/span><\/span><span dir=\"ltr\" role=\"presentation\"><span tabindex=\"0\">o lehk\u00e9 s<\/span><\/span> <span dir=\"ltr\" role=\"presentation\"><span tabindex=\"0\">n\u00ed vych\u00e1zet<\/span><\/span> <span dir=\"ltr\" role=\"presentation\"><span tabindex=\"0\">a n\u011bkdy si m\u011b,<\/span><\/span><br role=\"presentation\" \/><span dir=\"ltr\" role=\"presentation\"><span tabindex=\"0\">jako dceru ani nepamatuje. Je to dost t\u011b\u017ek\u00e9 po psychick\u00e9 str\u00e1nce, ale je zaj\u00edmav\u00e9, \u017ee asistentku si pamatuje a<\/span><\/span><br role=\"presentation\" \/><span dir=\"ltr\" role=\"presentation\"><span tabindex=\"0\">t\u011b\u0161\u00ed se na kaf\u00ed\u010dko s<\/span><\/span> <span dir=\"ltr\" role=\"presentation\"><span tabindex=\"0\">n\u00ed.<\/span><\/span><span dir=\"ltr\" role=\"presentation\"><span tabindex=\"0\">\u201c<\/span><\/span><\/span><span id=\"p3R_mc12\" class=\"markedContent\"><\/span><span id=\"p3R_mc13\" class=\"markedContent\"><br role=\"presentation\" \/><span dir=\"ltr\" role=\"presentation\"><span tabindex=\"0\">Osobn\u00ed asistence tak\u00e9 pom\u00e1h\u00e1 lidem, kte\u0159\u00ed jsou po t\u011b\u017ek\u00e9 nemoci, lidem h<\/span><\/span><span dir=\"ltr\" role=\"presentation\"><span tabindex=\"0\">a<\/span><\/span><span dir=\"ltr\" role=\"presentation\"><span tabindex=\"0\">ndi<\/span><\/span><span dir=\"ltr\" role=\"presentation\"><span tabindex=\"0\">ca<\/span><\/span><span dir=\"ltr\" role=\"presentation\"><span tabindex=\"0\">povan\u00fdm, lidem po \u00faraze.<\/span><\/span><br role=\"presentation\" \/><span dir=\"ltr\" role=\"presentation\"><span tabindex=\"0\">Dle jedn\u00e9 z<\/span><\/span> <span dir=\"ltr\" role=\"presentation\"><span tabindex=\"0\">u\u017eivatel<\/span><\/span><span dir=\"ltr\" role=\"presentation\"><span tabindex=\"0\">ek<\/span><\/span> <span dir=\"ltr\" role=\"presentation\"><span tabindex=\"0\">slu\u017eby Osobn\u00ed asistence se je<\/span><\/span><span dir=\"ltr\" role=\"presentation\"><span tabindex=\"0\">j\u00ed<\/span><\/span> <span dir=\"ltr\" role=\"presentation\"><span tabindex=\"0\">\u017eivot zlep\u0161il. A zlep\u0161il v<\/span><\/span> <span dir=\"ltr\" role=\"presentation\"><span tabindex=\"0\">mnoh\u00e9m. \u201eM\u011bl<\/span><\/span><span dir=\"ltr\" role=\"presentation\"><span tabindex=\"0\">a<\/span><\/span> <span dir=\"ltr\" role=\"presentation\"><span tabindex=\"0\">jsem \u00faraz<\/span><\/span><br role=\"presentation\" \/><span dir=\"ltr\" role=\"presentation\"><span tabindex=\"0\">nohou, kdy jsem nemohla chodit. Asistentka se o m\u011b spole\u010dn\u011b s<\/span><\/span> <span dir=\"ltr\" role=\"presentation\"><span tabindex=\"0\">rodinou dok\u00e1zala postarat nejen ohledn\u011b<\/span><\/span><br role=\"presentation\" \/><span dir=\"ltr\" role=\"presentation\"><span tabindex=\"0\">hygieny a pod\u00e1n\u00edm v\u0161emo\u017en\u00fdch v\u011bc\u00ed do m\u00fdch rukou, ale i s<\/span><\/span> <span dir=\"ltr\" role=\"presentation\"><span tabindex=\"0\">komunikac\u00ed a vyvezen\u00edm do spole\u010dnosti a do<\/span><\/span><br role=\"presentation\" \/><span dir=\"ltr\" role=\"presentation\"><span tabindex=\"0\">\u0161koly. Nebylo to v\u017edy lehk\u00e9, ale neobr\u00e1tili se ke mn\u011b z\u00e1dy, a i kdy\u017e jsem ji\u017e pohybliv\u00e1 a asistenci ne<\/span><\/span><span dir=\"ltr\" role=\"presentation\"><span tabindex=\"0\">pot\u0159ebuju,<\/span><\/span><br role=\"presentation\" \/><span dir=\"ltr\" role=\"presentation\"><span tabindex=\"0\">tak \u010dasto mysl\u00edm na \u00fa\u017easn\u00e9 lidi, kte\u0159\u00ed u\u017e jen svou bl\u00edzkost\u00ed dok\u00e1\u017e\u00ed rozz\u00e1\u0159it den. \u017divot s<\/span><\/span> <span dir=\"ltr\" role=\"presentation\"><span tabindex=\"0\">asistentkami byl leh\u010d\u00ed, i<\/span><\/span><br role=\"presentation\" \/><span dir=\"ltr\" role=\"presentation\"><span tabindex=\"0\">kdy\u017e jsem \u0159e\u0161ila nebo sp\u00ed\u0161e ne\u0159e\u0161ila sv\u00e9 psychick\u00e9 pot\u00ed\u017ee.\u201c<\/span><\/span><\/span><span id=\"p3R_mc14\" class=\"markedContent\"><\/span><span id=\"p3R_mc15\" class=\"markedContent\"><br role=\"presentation\" \/><span dir=\"ltr\" role=\"presentation\"><span tabindex=\"0\">Je mnoho podob, jak pomoci<\/span><\/span> <span dir=\"ltr\" role=\"presentation\"><span tabindex=\"0\">osob\u00e1m, kte\u0159\u00ed se nemohou z<\/span><\/span> <span dir=\"ltr\" role=\"presentation\"><span tabindex=\"0\">r\u016fzn\u00fdch d\u016fvod\u016f z\u00fa\u010dastnit spole\u010densk\u00fdch ud\u00e1lost\u00ed,<\/span><\/span><br role=\"presentation\" \/><span dir=\"ltr\" role=\"presentation\"><span tabindex=\"0\">kte\u0159\u00ed se izoluj\u00ed doma. Agentura osobn\u00ed asistence a soci\u00e1ln\u00edho poradenstv\u00ed o.p.s. dok\u00e1\u017ee vhodn\u011b pomoci<\/span><\/span><br role=\"presentation\" \/><span dir=\"ltr\" role=\"presentation\"><span tabindex=\"0\">jedinc\u016fm i rodin\u00e1m s<\/span><\/span> <span dir=\"ltr\" role=\"presentation\"><span tabindex=\"0\">t\u00edmto probl\u00e9mem. \u017d\u00edt doma s<\/span><\/span> <span dir=\"ltr\" role=\"presentation\"><span tabindex=\"0\">asistenc\u00ed, NEJSTE NA TO SAMI.<\/span><\/span><\/span><span id=\"p3R_mc16\" class=\"markedContent\"><\/span><span id=\"p3R_mc17\" class=\"markedContent\"><\/span><span id=\"p3R_mc18\" class=\"markedContent\"><\/span><span id=\"p3R_mc19\" class=\"markedContent\"><br role=\"presentation\" \/><\/span><\/p>\n<p><span id=\"p3R_mc19\" class=\"markedContent\"><span dir=\"ltr\" role=\"presentation\"><span tabindex=\"0\">Bc. Dana K\u00e1brtov\u00e1, MBA<\/span><\/span><\/span><\/p>\n<p>&nbsp;<\/p>\n<p>&nbsp;<\/p>\n","protected":false},"excerpt":{"rendered":"<p>Realizace projekt\u016f &#8211; Vozidlo pro soci\u00e1ln\u00ed slu\u017ebu Osobn\u00ed asistence, bylo po\u0159\u00edzeno za p\u0159isp\u011bn\u00ed\u00a0 &nbsp; &nbsp; C\u00edl projektu &#8211; Zaji\u0161t\u011bn\u00ed poskytov\u00e1n\u00ed soci\u00e1ln\u00edch slu\u017eeb dle z\u00e1kona \u010d. 108\/2006 Sb., o soci\u00e1ln\u00edch slu\u017eb\u00e1ch, v druhu a kapacit\u011b ur\u010den\u00e9 v \u017e\u00e1dosti o podporu od data ukon\u010den\u00ed realizace projektu za \u00fa\u010delem zkvalitn\u011bn\u00ed materi\u00e1ln\u011b technick\u00e9 z\u00e1kladny st\u00e1vaj\u00edc\u00edch slu\u017eeb dle z\u00e1kona \u010d. [&hellip;]<\/p>\n","protected":false},"author":1,"featured_media":0,"parent":0,"menu_order":0,"comment_status":"closed","ping_status":"closed","template":"","meta":{"footnotes":""},"class_list":["post-497","page","type-page","status-publish","hentry","post-preview"],"_links":{"self":[{"href":"https:\/\/www.agenturapomoci.cz\/index.php?rest_route=\/wp\/v2\/pages\/497","targetHints":{"allow":["GET"]}}],"collection":[{"href":"https:\/\/www.agenturapomoci.cz\/index.php?rest_route=\/wp\/v2\/pages"}],"about":[{"href":"https:\/\/www.agenturapomoci.cz\/index.php?rest_route=\/wp\/v2\/types\/page"}],"author":[{"embeddable":true,"href":"https:\/\/www.agenturapomoci.cz\/index.php?rest_route=\/wp\/v2\/users\/1"}],"replies":[{"embeddable":true,"href":"https:\/\/www.agenturapomoci.cz\/index.php?rest_route=%2Fwp%2Fv2%2Fcomments&post=497"}],"version-history":[{"count":6,"href":"https:\/\/www.agenturapomoci.cz\/index.php?rest_route=\/wp\/v2\/pages\/497\/revisions"}],"predecessor-version":[{"id":499,"href":"https:\/\/www.agenturapomoci.cz\/index.php?rest_route=\/wp\/v2\/pages\/497\/revisions\/499"}],"wp:attachment":[{"href":"https:\/\/www.agenturapomoci.cz\/index.php?rest_route=%2Fwp%2Fv2%2Fmedia&parent=497"}],"curies":[{"name":"wp","href":"https:\/\/api.w.org\/{rel}","templated":true}]}}